 in base 10?
13452
Convert -1254150 (base 6) to base 10.
-69618
What is 16e5 (base 16) in base 12?
3485
What is -ecbe (base 15) in base 8?
-141721
Convert 4d25 (base 14) to base 3.
200121010
Convert -b7 (base 15) to base 10.
-172
Convert 10011010000001101 (base 2) to base 15.
18576
What is 6810 (base 9) in base 15?
1756
Convert 65e (base 16) to base 13.
985
Convert 282a3 (base 13) to base 9.
124101
34322 (base 5) to base 14
c7c
What is 2209 (base 11) in base 10?
2913
What is -2645 (base 8) in base 14?
-753
What is 1020022020 (base 3) in base 6?
304223
5f9 (base 16) to base 6
11025
What is 305 (base 11) in base 15?
198
What is 21400 (base 5) in base 3?
2000122
-142 (base 15) to base 8
-437
2eb (base 16) to base 12
523
-2717 (base 9) to base 8
-3771
What is 1001001110110 (base 2) in base 11?
3607
-57012 (base 10) to base 9
-86176
1101111100010 (base 2) to base 14
285c
What is 24016 (base 7) in base 14?
237d
What is -378 (base 14) in base 10?
-694
What is -1112221112 (base 3) in base 7?
-155102
What is 113 (base 16) in base 8?
423
Convert -545 (base 13) to base 11.
-750
-3275 (base 9) to base 14
-c49
Convert -4696 (base 11) to base 14.
-2359
What is -18427 (base 9) in base 15?
-3b97
What is -31d (base 14) in base 11?
-50a
-402244 (base 6) to base 7
-161143
-21e (base 15) to base 9
-582
What is -1ad (base 16) in base 12?
-2b9
Convert 631 (base 13) to base 11.
879
Convert -110 (base 6) to base 4.
-222
Convert 364363 (base 7) to base 15.
14a11
124525 (base 6) to base 12
6745
16a29 (base 11) to base 13
ab30
-30a0 (base 11) to base 15
-1338
133122 (base 7) to base 9
37383
What is 2121012 (base 4) in base 12?
5806
What is 11011101111 (base 2) in base 14?
90b
Convert -101031 (base 5) to base 4.
-303002
Convert -1021021 (base 3) to base 4.
-32131
What is -202210 (base 5) in base 14?
-2563
Convert 22846 (base 10) to base 11.
1618a
Convert 809 (base 10) to base 7.
2234
What is 29cd (base 16) in base 6?
121313
27771 (base 9) to base 3
221212101
-364 (base 7) to base 10
-193
-1605 (base 7) to base 15
-2cc
What is -302 (base 5) in base 6?
-205
196 (base 13) to base 2
100100100
Convert 10011011100011 (base 2) to base 12.
5917
Convert 2012 (base 10) to base 6.
13152
Convert 749 (base 15) to base 7.
4536
Convert -33321 (base 4) to base 11.
-845
Convert 6837 (base 10) to base 14.
26c5
-421 (base 6) to base 11
-133
What is d8 (base 16) in base 7?
426
What is -170 (base 10) in base 2?
-10101010
Convert 17be (base 15) to base 7.
20645
Convert 210220221 (base 3) to base 4.
3321232
Convert -68 (base 15) to base 16.
-62
Convert 5d9 (base 14) to base 6.
5231
-395a8 (base 11) to base 14
-168c9
What is -87a (base 12) in base 15?
-581
What is 164e (base 15) in base 3?
20120202
Convert 10134 (base 5) to base 15.
2e9
Convert -12143 (base 11) to base 12.
-a13b
Convert -c39 (base 15) to base 4.
-223002
Convert 37f (base 16) to base 10.
895
Convert -22012 (base 4) to base 13.
-3a9
Convert 101110110011 (base 2) to base 7.
11506
Convert -2142 (base 8) to base 15.
-4ec
Convert -2958 (base 13) to base 4.
-1131210
What is 5310 (base 7) in base 6?
12353
10120110 (base 3) to base 13
1254
Convert 14a60 (base 12) to base 8.
70750
What is 10110110110 (base 2) in base 14?
766
Convert 41045 (base 6) to base 15.
191e
2345 (base 9) to base 3
2101112
Convert 12211010 (base 3) to base 15.
13cc
678 (base 13) to base 2
10001011001
What is 6870 (base 10) in base 7?
26013
-20512 (base 9) to base 3
-200120102
Convert -83a (base 13) to base 5.
-21101
What is -337b1 (base 12) in base 8?
-205665
Convert 102311 (base 4) to base 6.
5325
df (base 16) to base 9
267
-30487 (base 9) to base 12
-b75a
-212111 (base 4) to base 14
-c73
What is 105152 (base 7) in base 14?
6ad2
-10131332 (base 4) to base 9
-27085
What is 2476 (base 14) in base 15?
1d51
2001010001 (base 3) to base 16
9cf1
What is -2102220 (base 3) in base 14?
-911
What is -11442 (base 10) in base 6?
-124550
Convert 2b4c (base 14) to base 2.
1111000100000
What is 111010 (base 4) in base 13?
7c9
-111110100011 (base 2) to base 15
-12bd
Convert 111110010011 (base 2) to base 7.
14424
Convert -3884 (base 10) to base 12.
-22b8
Convert 143223 (base 6) to base 14.
4dc3
What is -21452 (base 6) in base 14?
-1132
b145 (base 14) to base 16
76e9
What is -10212222 (base 3) in base 7?
-11156
-5a71 (base 14) to base 6
-201015
What is 10010010 (base 2) in base 16?
92
1d53 (base 14) to base 16
14f5
What is -2709 (base 11) in base 15?
-1098
Convert 15b56 (base 12) to base 5.
1443101
What is 4105 (base 9) in base 5?
44002
16745 (base 8) to base 16
1de5
Convert 56001 (base 7) to base 15.
4279
What is -2141404 (base 5) in base 2?
-1001000011110000
Convert -31021 (base 7) to base 2.
-1110110001001
What is 1441 (base 12) in base 10?
2353
Convert 707 (base 10) to base 7.
2030
What is -8582 (base 14) in base 11?
-16351
Convert -78985 (base 10) to base 13.
-29c4a
What is 83 (base 10) in base 7?
146
What is 1183 (base 11) in base 7?
4333
-54253 (base 9) to base 12
-18963
What is 42d (base 15) in base 13?
577
What is -11100 (base 4) in base 6?
-1320
Convert 111002 (base 3) to base 2.
101100001
What is -1219 (base 10) in base 9?
-1604
-14c7 (base 14) to base 6
-25051
Convert -2051 (base 6) to base 14.
-251
What is 21121201 (base 3) in base 6?
41414
What is 748 (base 13) in base 6?
5431
-a034 (base 11) to base 4
-3100203
What is -11404 (base 5) in base 11?
-707
Convert 110200 (base 3) to base 5.
2332
-102232 (base 5) to base 14
-137c
What is 1430 (base 5) in base 11?
1a9
463 (base 12) to base 6
3003
Convert 101111001001111 (base 2) to base 12.
11b7b
Convert b19b (base 13) to base 14.
8cb6
-101142 (base 7) to base 8
-41515
Convert -201204 (base 5) to base 13.
-2c07
-184 (base 12) to base 6
-1044
Convert -8614 (base 14) to base 9.
-34667
100001110 (base 2) to base 5
2040
1bc6 (base 16) to base 8
15706
18471 (base 11) to base 16
64fb
What is 2138 (base 9) in base 16?
626
Convert -2112 (base 3) to base 5.
-233
Convert -4594 (base 12) to base 10.
-7744
What is 144 (base 15) in base 2?
100100001
What is 9611 (base 16) in base 15?
b5b2
What is -2596 (base 10) in base 14?
-d36
What is -10110111100 (base 2) in base 5?
-21333
Convert -443042 (base 6) to base 5.
-2140322
8987 (base 10) to base 16
231b
What is 2935 (base 10) in base 4?
231313
What is -3354 (base 6) in base 14?
-406
What is -11975 (base 11) in base 4?
-10023313
100251 (base 7) to base 6
210233
Convert 11012002 (base 3) to base 9.
4162
What is 6820 (base 10) in base 8?
15244
Convert -54f (base 16) to base 10.
-1359
What is 43232 (base 5) in base 15?
d12
Convert 15a96 (base 11) to base 6.
252403
2287 (base 11) to base 6
21515
-c902 (base 13) to base 4
-12303233
-101210011 (base 3) to base 5
-222421
25614 (base 9) to base 3
212200111
39497 (base 10) to base 4
21221021
Convert d5e (base 15) to base 7.
11534
Convert 112233 (base 5) to base 12.
2430
1101110 (base 2) to base 16
6e
What is 1a5 (base 12) in base 16?
10d
-36055 (base 7) to base 2
-10010001010101
Convert -269 (base 15) to base 14.
-2b3
What is 111111100100 (base 2) in base 8?
7744
Convert -2102020200 (base 3) to base 12.
-23639
-118b9 (base 12) to base 10
-23757
What is 1757 (base 10) in base 7?
5060
What is -465 (base 9) in base 16?
-17f
Convert 14412 (base 5) to base 10.
1232
What is 11223 (base 6) in base 8?
3077
What is -42724 (base 8) in base 5?
-1033001
2845 (base 14) to base 5
211432
Convert a4a1 (base 15) to base 9.
52657
-ccc (base 14) to base 2
-100111100100
Convert -111101 (base 2) to base 4.
-331
Convert 55 (base 14) to base 16.
4b
100001010000 (base 2) to base 9
2824
What is 9080 (base 10) in base 7?
35321
What is -1774 (base 10) in base 9?
-2381
-25207 (base 8) to base 13
-4c56
Convert 101110110010 (base 2) to base 14.
113c
What is -676 (base 13) in base 12?
-787
-2022013 (base 5) to base 13
-11bab
What is -176 (base 16) in base 7?
-1043
What is -111120 (base 3) in base 6?
-1410
What is -352305 (base 6) in base 8?
-73221
101331113 (base 4) to base 5
4323214
1643 (base 12) to base 3
10121220
Convert 202000 (base 4) to base 2.
100010000000
Convert -4011 (base 9) to base 4.
-231232
2878 (base 9) to base 8
4201
What is -1456 (base 9) in base 12?
-780
-1102 (base 4) to base 14
-5c
-4624 (base 9) to base 13
-1735
-586 (base 13) to base 14
-4c3
Convert 530 